r of a and 12?
6
Let i be (-27915)/(-45) + 2/(-6). What is the greatest common divisor of i and 31?
31
Suppose 5*z - 3*z + 212 = 0. Let u = -55 - z. Suppose u = a - 9. What is the greatest common factor of a and 12?
12
Let h be (-6)/(-27) - (-150)/54. Let x be 4/h*(1 + 29). Calculate the highest common factor of x and 4.
4
Let u(q) = 3*q + 32. Let t be u(-6). What is the greatest common factor of 287 and t?
7
Let h(b) = 10*b**2 + 4*b + 7. Let r be h(-2). Let n be -7*(-8)/12*r. What is the highest common divisor of n and 26?
26
Let a be (1 - 0)*(-1 + 0)*-45. Suppose a*i - 53*i + 120 = 0. Let u = -16 + 26. Calculate the highest common divisor of i and u.
5
Let d(l) = 2*l**2 + 8*l - 15. Let n(a) = 4*a**2 + 17*a - 30. Let q(u) = 13*d(u) - 6*n(u). Let b be q(9). What is the greatest common divisor of 15 and b?
15
Let a(f) = 2*f**2 + 12*f - 68. Let m be a(-10). Calculate the greatest common divisor of 3072 and m.
12
Let d(l) = -12*l + 6. Let t(c) = 2*c + 7. Let u be t(-4). Let f be d(u). Calculate the highest common divisor of 27 and f.
9
Let p be ((-28)/35)/2 - (-22)/5. Suppose -5*g = -26 - 14. Suppose 3*w - 3*v + 145 = g*w, -w = -p*v - 6. What is the highest common divisor of 208 and w?
26
Suppose -15 = -5*r - 5. Suppose -4*k + 76 = -r*k - 3*d, -44 = -2*k - 5*d. Let q = -186 - -314. Calculate the highest common divisor of q and k.
32
Let j be 1/3 + (-1)/3. Suppose j = n + n - 18. Suppose v + 2*t + t = -9, 10 = 2*v - t. Calculate the highest common divisor of n and v.
3
Suppose -3*x = -6*x + 6. Let t be x/7 - (-582)/21. What is the greatest common divisor of 28 and t?
28
Suppose -12 + 26 = 7*k. Let r be (-7)/(21/4)*-12. Calculate the highest common factor of k and r.
2
Let k(i) = 2*i**2 - 4*i - 42. Let c be k(16). Suppose 5*u - c = 59. What is the greatest common divisor of 31 and u?
31
Let q = 10 - 6. Suppose 3*f - q = 53. Let n be -2 - 2*346*5/(-20). What is the greatest common factor of f and n?
19
Let u be ((-387)/3 + 2)/(-1). What is the greatest common divisor of u and 1651?
127
Let n(t) = t + 1. Let x(y) = -12*y - 10. Let o(d) = 5*n(d) + x(d). Let k be o(-3). Calculate the greatest common factor of k and 24.
8
Suppose 5*o = 112 - 32. Let z(f) = 2*f**2 - 7*f + 1. Let y be z(-3). Calculate the greatest common factor of y and o.
8
Let p(b) = 3*b - 25*b**3 + 7 - 2*b + 3*b**2 + 12*b**3. Let a be p(3). Let s be a/(-5) + 16/80. Calculate the greatest common factor of 42 and s.
21
Let c(p) = -7*p**3 - 2*p**2 + 9*p + 2. Let f be c(-2). What is the greatest common divisor of f and 2?
2
Let b be (-858)/(-14) + 160/(-560). Calculate the highest common factor of 122 and b.
61
Suppose -4*b - 3 = 5. Let j(d) = -d**3 - 2*d - 4. Let a be j(b). Calculate the greatest common divisor of a and 1.
1
Let b(f) = -7*f**2 + 4*f - 1. Let z(t) = 7*t**2 - 5*t + 1. Let m(d) = -5*b(d) - 4*z(d). Let u be m(3). What is the highest common factor of 8 and u?
8
Let c(x) = -x**2 - 13*x - 11. Let y be c(-11). Let n = -5 + -12. Let b = 5 - n. Calculate the highest common divisor of y and b.
11
Let f(g) = 2*g**3 + 7*g**2 - 2*g - 6. Suppose -2*a - 24 = 6*a. Let d be f(a). Calculate the greatest common divisor of d and 72.
9
Suppose -6*b + 14*b = 48. What is the greatest common factor of 6 and b?
6
Suppose -396*b + 1395 = -381*b. Calculate the highest common divisor of 248 and b.
31
Suppose 5*y - 184 = j, 5*y + 168 = 10*y + 3*j. Calculate the highest common factor of y and 306.
18
Let g = -21 - -27. Let x(p) = -233*p + 1. Let i be x(-1). Suppose 0*w = 3*w - n - 142, 3*n + i = 5*w. What is the highest common divisor of w and g?
6
Let z = -43 - -36. Let f(g) = 2*g + 15. Let a be f(z). What is the greatest common factor of a and 5?
1
Let p(u) = u**3 + 6*u**2 - 62*u - 5. Let w be p(-11). Calculate the greatest common divisor of w and 630.
18
Suppose 0 = 5*l - 15 - 0. Let d(h) = 2*h**3 - 15*h**2 + 8*h - 8. Let k be d(7). Let g be l/6*12 + k. Calculate the highest common factor of g and 20.
5
Suppose 17 = 2*f + j - 17, 4*f = -4*j + 68. Let a(u) = -51*u. Let h be a(-3). Calculate the highest common divisor of h and f.
17
Suppose 114*p - 2800 = 106*p. Calculate the highest common factor of 14 and p.
14
Suppose 0*p - 5*p = -5. Let g = 86 + -71. Let s be 8/(-6)*g/((-20)/4). What is the greatest common divisor of s and p?
1
Let y be 562/8 + (-6)/24. Suppose -50 = -58*h + 53*h. Calculate the greatest common factor of h and y.
10
Suppose 28 = 5*g - 2*b + 2, -2*b + 22 = 3*g. Suppose -r + 4*d = 2*r - 178, -38 = -r - 4*d. Calculate the highest common divisor of r and g.
6
Let q(x) be the first derivative of x**3/3 + 2*x**2 + 5*x - 12. Let g be q(-4). Let y be (-6)/(-6)*g/1. Calculate the greatest common divisor of 1 and y.
1
Let c = 86 - -174. What is the greatest common divisor of c and 65?
65
Let n = -524 - -954. Calculate the highest common factor of 258 and n.
86
Let s be (-4)/10 + (-63)/(-45) + -1. Suppose s = 7*n + n - 1080. What is the highest common factor of 15 and n?
15
Suppose -8*k + 8 = -16. Suppose 0*d = -k*d + 3*s - 3, 2*d - 2 = -2*s. Suppose d = -5*b + b + 140. What is the greatest common factor of b and 5?
5
Let d be (135/(-18))/((-9)/(-60)*-1). What is the greatest common factor of 3650 and d?
50
Let y(m) = -m + 9. Suppose -4*g - 5 = -5*g. Let l be y(g). Suppose 3*a - l*a = -45. What is the highest common divisor of 30 and a?
15
Let j = -60 - -96. Calculate the greatest common divisor of j and 9.
9
Suppose -366 = -8*n + 242. Let c be (20 - 1)*1/1. What is the greatest common divisor of n and c?
19
Let j = -1489 + 731. Let h be 1/(-7) + j/(-14). What is the greatest common divisor of h and 81?
27
Let d = -54 - -58. Suppose -14 = -d*k + 2*c, c - 13 = -5*k + 2*c. Calculate the highest common factor of k and 26.
2
Let g(t) = 2 - 2*t**3 - 13*t - 4*t**2 - 14*t + 25*t. Let h be -1*3 - (-1 - 0). Let r be g(h). Calculate the highest common divisor of r and 12.
6
Let u = 186 - 114. Suppose t - 4 = -2. Let g be (0 - (t - 10)) + 1. What is the greatest common divisor of g and u?
9
Suppose -4*z = -47 - 9. Let l = z - 8. Suppose -112 = -2*w - 4*q, 30*q - 35*q = -5. Calculate the highest common factor of w and l.
6
Suppose 3*i - 2*m = -0*m - 3, -4*m = -12. Let t be 5/(21/18 - i). What is the greatest common divisor of t and 10?
10
Let h = 8 - 2. Let v be 2/(-6) + 1154/h. Let f be 36/(-2)*4/(-3). What is the greatest common factor of v and f?
24
Let d(u) = -u**3 - u + 252. Let a be d(0). Suppose -2*o + 48 = -4*s, 13*s + 20 = o + 9*s. Calculate the highest common factor of o and a.
28
Suppose 4*j - 308 = -0*m + 4*m, -2*j + 154 = -3*m. Let i be -1 - (-21)/27 - (-325)/45. Calculate the highest common divisor of i and j.
7
Suppose -4*y + 200 = 2*z, -15 = -z - 5*y + 76. Suppose -z = -4*o + 502. What is the highest common divisor of 19 and o?
19
Suppose -2*r = 2*r - 896. Suppose 11 = -3*u + 95. What is the greatest common divisor of u and r?
28
Let u be (-1 + -2)/(-6 + 1557/258). Let l = u + 143. What is the greatest common factor of l and 76?
19
Let w(j) = 16*j**2 - 2*j - 1. Let o be w(-1). Let a be ((-70)/(-77))/(-5) - 6193/(-121). Calculate the greatest common divisor of a and o.
17
Let o = 450 + -314. Let x = 270 + -253. Calculate the greatest common divisor of x and o.
17
Let b(u) = -3*u - 9. Suppose -2*x = -7*x - 3*r - 26, 0 = -4*x + 4*r - 40. Let g be b(x). Calculate the greatest common factor of g and 120.
12
Suppose 291 = 5*f - 3*r, 11*f = 9*f + 2*r + 118. What is the highest common factor of f and 95?
19
Let u = 99 + -44. Let s(i) = -30*i + 485. Let l be s(16). What is the greatest common divisor of l and u?
5
Suppose 13*o = 4*o - 54. Let b = o + 182. Calculate the highest common factor of 16 and b.
16
Let z be (-20)/(-130) - 14798/26. Let q = -246 - z. What is the highest common divisor of q and 17?
17
Suppose 0*y + 4*p = 2*y - 28, -y - p = -8. Suppose 64 = -0*h + 32*h. Calculate the highest common factor of y and h.
2
Suppose 5*a - 147 = 4*j, -4*a + 2*j = -j - 118. Let o be a - 4 - 0 - 1. Suppose -o = -4*q + 22. What is the highest common factor of 8 and q?
4
Let b = -1361 - -2467. What is the highest common divisor of b and 14?
14
Let r = -9 + 17. Suppose -q + 4*i = -0*i - 14, 17 = 2*q + 3*i. Let m be (-1)/1 + (27 - q). Calculate the highest common factor of m and r.
8
Let z = -1047 + 